{"id":193,"date":"2022-11-29T11:15:52","date_gmt":"2022-11-29T10:15:52","guid":{"rendered":"https:\/\/annadestrac.com\/?page_id=193"},"modified":"2025-09-26T14:03:18","modified_gmt":"2025-09-26T12:03:18","slug":"arte-info","status":"publish","type":"page","link":"http:\/\/annadestrac.com\/index.php\/arte-info\/","title":{"rendered":"Arte Info"},"content":{"rendered":"\n<h5>Danse : Germaine Acogny c\u00e9l\u00e8bre Jos\u00e9phine Baker<\/h5>\nCulture<br>\n<a href=\"https:\/\/www.arte.tv\/fr\/videos\/info-et-societe\/\" target=\"_blank\" rel=\"noopener noreferrer\">ARTE Journal<\/a><br>\nJournaliste : Fr\u00e9d\u00e9rique Cant\u00f9<br>2025 &#8211; 2&prime;\n<div style=\"position:relative;padding-bottom:56.25%;height:0;overflow:hidden;\"><iframe loading=\"lazy\" title=\"Danse&#x20;&#x3A;&#x20;Germaine&#x20;Acogny&#x20;c&#x00E9;l&#x00E8;bre&#x20;Jos&#x00E9;phine&#x20;Baker\" allowfullscreen=\"true\" style=\"transition-duration:0;transition-property:no;margin:0 auto;position:relative;display:block;background-color:#000000;\" frameborder=\"0\" scrolling=\"no\" width=\"720\" height=\"406\" src=\"https:\/\/www.arte.tv\/embeds\/fr\/128973-000-A?autoplay=true&#038;mute=1\"><\/iframe>\n<\/div>\nFigure de la danse contemporaine africaine, directrice de l\u2019Ecole des Sables au S\u00e9n\u00e9gal, haut lieu de formation pour les danseurs africains et du monde entier, la chor\u00e9graphe Germaine Acogny ouvre la saison du Th\u00e9\u00e2tre des Champs-Elys\u00e9es du 24 au 28 septembre avec un double programme : une cr\u00e9ation en hommage \u00e0 Jos\u00e9phine Baker et la reprise du \u00ab Sacre du printemps \u00bb de Pina Bausch avec des danseurs issus de 14 pays africains.<br><br>\n\n\n\n<h5>Visa pour l&rsquo;image : le Cachemire dans l&rsquo;\u0153il de C\u00e9dric Gerbehaye<\/h5>\nCulture<br>\n<a href=\"https:\/\/www.arte.tv\/fr\/videos\/info-et-societe\/\" target=\"_blank\" rel=\"noopener noreferrer\">ARTE Journal<\/a><br>\nJournaliste : Richard Bonnet<br>2025 &#8211; 2&prime;\n<div style=\"position:relative;padding-bottom:56.25%;height:0;overflow:hidden;\"><iframe loading=\"lazy\" title=\"Visa&#x20;pour&#x20;l&#x27;image&#x20;&#x3A;&#x20;le&#x20;Cachemire&#x20;dans&#x20;l&#x27;&#x0153;il&#x20;de&#x20;C&#x00E9;dric&#x20;Gerbehaye\" allowfullscreen=\"true\" style=\"transition-duration:0;transition-property:no;margin:0 auto;position:relative;display:block;background-color:#000000;\" frameborder=\"0\" scrolling=\"no\" width=\"720\" height=\"406\" src=\"https:\/\/www.arte.tv\/embeds\/fr\/128574-000-A?autoplay=true&#038;mute=1\"><\/iframe><\/div>\nLe photographe belge, C\u00e9dric Gerbehaye, s\u2019est rendu \u00e0 huit reprises, entre 2017 et 2024, dans la r\u00e9gion du Cachemire administr\u00e9e d\u2019un c\u00f4t\u00e9 par le Pakistan, de l\u2019autre par l\u2019Inde. Deux pays qui se disputent ce territoire de montagne et o\u00f9 les photojournalistes ne sont pas les bienvenus. Son travail est expos\u00e9 \u00e0 Perpignan dans le cadre du festival de photojournalisme Visa pour l&rsquo;image.<br><br>\n\n\n\n<h5>Cin\u00e9ma\u00a0: Le \u00ab\u00a0Oui\u00a0\u00bb tr\u00e8s dissonant du cin\u00e9ma isra\u00e9lien<\/h5>\nCulture<br>\n<a href=\"https:\/\/www.arte.tv\/fr\/videos\/info-et-societe\/\" target=\"_blank\" rel=\"noopener noreferrer\">ARTE Journal<\/a><br>\nJournaliste : Julien Welter \/ Bertrand Loutte<br>2025 &#8211; 2&prime;\n<div style=\"position:relative;padding-bottom:56.25%;height:0;overflow:hidden;\">\n<iframe loading=\"lazy\" title=\"Le&#x20;&quot;Oui&quot;&#x20;tr&#x00E8;s&#x20;dissonant&#x20;du&#x20;cin&#x00E9;ma&#x20;isra&#x00E9;lien\" allowfullscreen=\"true\" style=\"transition-duration:0;transition-property:no;margin:0 auto;position:relative;display:block;background-color:#000000;\" frameborder=\"0\" scrolling=\"no\" width=\"720\" height=\"406\" src=\"https:\/\/www.arte.tv\/embeds\/fr\/128890-000-A?autoplay=true&#038;mute=1\"><\/iframe>\n<\/div>\nNadav Lapid est sans doute le cin\u00e9aste isra\u00e9lien le plus stimulant du moment, mais aussi l\u2019un de plus contrariants envers le r\u00e9gime de Benyamin Netanyahou. Jusqu\u2019\u00e0 pr\u00e9sent, les personnages de ses films disaient cat\u00e9goriquement non \u00e0 cette politique. Dans son nouveau film, intitul\u00e9 \u00ab\u00a0Oui\u00a0\u00bb, il se consacre au contraire \u00e0 ceux qui ont d\u00e9cid\u00e9 d\u2019\u00e9pouser la cause vengeresse d\u2019Isra\u00ebl. \u00ab\u00a0Oui\u00a0\u00bb, forc\u00e9ment, ne plaira pas \u00e0 tout le monde.<br><br>\n\n\n\n<h5>Exil en France : des chercheurs am\u00e9ricains sont arriv\u00e9s<\/h5>\nInfo<br>\n<a href=\"https:\/\/www.arte.tv\/fr\/videos\/info-et-societe\/\" target=\"_blank\" rel=\"noopener noreferrer\">ARTE Journal<\/a><br>\nJournaliste : Christian Roudaut<br>2025 &#8211; 2&rsquo;50\n<div style=\"position:relative;padding-bottom:56.25%;height:0;overflow:hidden;\">\n<iframe loading=\"lazy\" title=\"Exil&#x20;en&#x20;France&#x20;&#x3A;&#x20;des&#x20;chercheurs&#x20;am&#x00E9;ricains&#x20;sont&#x20;arriv&#x00E9;s\" allowfullscreen=\"true\" style=\"transition-duration:0;transition-property:no;margin:0 auto;position:relative;display:block;background-color:#000000;\" frameborder=\"0\" scrolling=\"no\" width=\"720\" height=\"406\" src=\"https:\/\/www.arte.tv\/embeds\/fr\/127679-000-A?autoplay=true&#038;mute=1\"><\/iframe>\n<\/div>\nPlusieurs chercheurs am\u00e9ricains ont \u00e9t\u00e9 accueillis \u00e0 l&rsquo;universit\u00e9 d&rsquo;Aix-Marseille en tant que \u00ab r\u00e9fugi\u00e9s scientifiques \u00bb. Dans le cadre du programme \u00ab Safe Place for Science \u00bb, jusqu&rsquo;\u00e0 20 scientifiques menac\u00e9s seront accueillis, malgr\u00e9 la situation pr\u00e9caire et les probl\u00e8mes structurels des universit\u00e9s fran\u00e7aises.<br><br>\n\n\n\n<h5>Exposition : \u00ab\u00a0Les tr\u00e8s riches heures du duc de Berry\u00a0\u00bb<\/h5>\nCulture<br>\n<a href=\"https:\/\/www.arte.tv\/fr\/videos\/info-et-societe\/\" target=\"_blank\" rel=\"noopener noreferrer\">ARTE Journal<\/a><br>\nJournaliste : Fr\u00e9d\u00e9rique Cant\u00f9<br>2025 &#8211; 2&prime;\n<div style=\"position:relative;padding-bottom:56.25%;height:0;overflow:hidden;\">\n<iframe loading=\"lazy\" title=\"Exposition&#x20;&#x3A;&#x20;&quot;Les&#x20;tr&#x00E8;s&#x20;riches&#x20;heures&#x20;du&#x20;duc&#x20;de&#x20;Berry&quot;\" allowfullscreen=\"true\" style=\"transition-duration:0;transition-property:no;margin:0 auto;position:relative;display:block;background-color:#000000;\" frameborder=\"0\" scrolling=\"no\" width=\"720\" height=\"406\" src=\"https:\/\/www.arte.tv\/embeds\/fr\/127338-000-A?autoplay=true&#038;mute=1\"><\/iframe>\n<\/div>\nC\u2019est le manuscrit m\u00e9di\u00e9val le plus c\u00e9l\u00e8bre au monde : \u00ab\u00a0Les Tr\u00e8s riches heures du duc de Berry\u00a0\u00bb est un livre d\u2019heures &#8211; une appellation qui d\u00e9signe un livre de pri\u00e8res destin\u00e9 \u00e0 un usage la\u00efc &#8211; command\u00e9 au d\u00e9but du 15e si\u00e8cle par le duc Jean de Berry \u00e0 trois jeunes artistes originaires des Pays-Bas &#8211; les fr\u00e8res de Limbourg &#8211; qui se sont entour\u00e9s des meilleurs copistes et ornemanistes de l\u2019\u00e9poque pour r\u00e9aliser ses 121 peintures.<br><br>\n","protected":false},"excerpt":{"rendered":"<p>Danse : Germaine Acogny c\u00e9l\u00e8bre Jos\u00e9phine Baker Culture ARTE Journal Journaliste : Fr\u00e9d\u00e9rique Cant\u00f92025 &#8211; 2&prime; Figure de la danse contemporaine africaine, directrice de l\u2019Ecole des Sables au S\u00e9n\u00e9gal, haut lieu de formation pour les danseurs africains et du monde entier, la chor\u00e9graphe Germaine Acogny ouvre la saison du Th\u00e9\u00e2tre des Champs-Elys\u00e9es du 24 au &hellip; <\/p>\n<p class=\"link-more\"><a href=\"http:\/\/annadestrac.com\/index.php\/arte-info\/\" class=\"more-link\">Continuer la lecture<span class=\"screen-reader-text\"> de &laquo;&nbsp;Arte Info&nbsp;&raquo;<\/span><\/a><\/p>\n","protected":false},"author":1,"featured_media":0,"parent":0,"menu_order":0,"comment_status":"closed","ping_status":"closed","template":"","meta":{"footnotes":""},"class_list":["post-193","page","type-page","status-publish","hentry"],"_links":{"self":[{"href":"http:\/\/annadestrac.com\/index.php\/wp-json\/wp\/v2\/pages\/193"}],"collection":[{"href":"http:\/\/annadestrac.com\/index.php\/wp-json\/wp\/v2\/pages"}],"about":[{"href":"http:\/\/annadestrac.com\/index.php\/wp-json\/wp\/v2\/types\/page"}],"author":[{"embeddable":true,"href":"http:\/\/annadestrac.com\/index.php\/wp-json\/wp\/v2\/users\/1"}],"replies":[{"embeddable":true,"href":"http:\/\/annadestrac.com\/index.php\/wp-json\/wp\/v2\/comments?post=193"}],"version-history":[{"count":12,"href":"http:\/\/annadestrac.com\/index.php\/wp-json\/wp\/v2\/pages\/193\/revisions"}],"predecessor-version":[{"id":336,"href":"http:\/\/annadestrac.com\/index.php\/wp-json\/wp\/v2\/pages\/193\/revisions\/336"}],"wp:attachment":[{"href":"http:\/\/annadestrac.com\/index.php\/wp-json\/wp\/v2\/media?parent=193"}],"curies":[{"name":"wp","href":"https:\/\/api.w.org\/{rel}","templated":true}]}}

<h5>Danse : Germaine Acogny célèbre Joséphine Baker</h5>
Culture<br>
<a href="https://www.arte.tv/fr/videos/info-et-societe/" target="_blank" rel="noopener noreferrer">ARTE Journal</a><br>
Journaliste : Frédérique Cantù<br>2025 &#8211; 2&prime;
<div style="position:relative;padding-bottom:56.25%;height:0;overflow:hidden;"><iframe loading="lazy" title="Danse&#x20;&#x3A;&#x20;Germaine&#x20;Acogny&#x20;c&#x00E9;l&#x00E8;bre&#x20;Jos&#x00E9;phine&#x20;Baker" allowfullscreen="true" style="transition-duration:0;transition-property:no;margin:0 auto;position:relative;display:block;background-color:#000000;" frameborder="0" scrolling="no" width="720" height="406" src="https://www.arte.tv/embeds/fr/128973-000-A?autoplay=true&#038;mute=1"></iframe>
</div>
Figure de la danse contemporaine africaine, directrice de l’Ecole des Sables au Sénégal, haut lieu de formation pour les danseurs africains et du monde entier, la chorégraphe Germaine Acogny ouvre la saison du Théâtre des Champs-Elysées du 24 au 28 septembre avec un double programme : une création en hommage à Joséphine Baker et la reprise du « Sacre du printemps » de Pina Bausch avec des danseurs issus de 14 pays africains.<br><br>



<h5>Visa pour l&rsquo;image : le Cachemire dans l&rsquo;œil de Cédric Gerbehaye</h5>
Culture<br>
<a href="https://www.arte.tv/fr/videos/info-et-societe/" target="_blank" rel="noopener noreferrer">ARTE Journal</a><br>
Journaliste : Richard Bonnet<br>2025 &#8211; 2&prime;
<div style="position:relative;padding-bottom:56.25%;height:0;overflow:hidden;"><iframe loading="lazy" title="Visa&#x20;pour&#x20;l&#x27;image&#x20;&#x3A;&#x20;le&#x20;Cachemire&#x20;dans&#x20;l&#x27;&#x0153;il&#x20;de&#x20;C&#x00E9;dric&#x20;Gerbehaye" allowfullscreen="true" style="transition-duration:0;transition-property:no;margin:0 auto;position:relative;display:block;background-color:#000000;" frameborder="0" scrolling="no" width="720" height="406" src="https://www.arte.tv/embeds/fr/128574-000-A?autoplay=true&#038;mute=1"></iframe></div>
Le photographe belge, Cédric Gerbehaye, s’est rendu à huit reprises, entre 2017 et 2024, dans la région du Cachemire administrée d’un côté par le Pakistan, de l’autre par l’Inde. Deux pays qui se disputent ce territoire de montagne et où les photojournalistes ne sont pas les bienvenus. Son travail est exposé à Perpignan dans le cadre du festival de photojournalisme Visa pour l&rsquo;image.<br><br>



<h5>Cinéma : Le « Oui » très dissonant du cinéma israélien</h5>
Culture<br>
<a href="https://www.arte.tv/fr/videos/info-et-societe/" target="_blank" rel="noopener noreferrer">ARTE Journal</a><br>
Journaliste : Julien Welter / Bertrand Loutte<br>2025 &#8211; 2&prime;
<div style="position:relative;padding-bottom:56.25%;height:0;overflow:hidden;">
<iframe loading="lazy" title="Le&#x20;&quot;Oui&quot;&#x20;tr&#x00E8;s&#x20;dissonant&#x20;du&#x20;cin&#x00E9;ma&#x20;isra&#x00E9;lien" allowfullscreen="true" style="transition-duration:0;transition-property:no;margin:0 auto;position:relative;display:block;background-color:#000000;" frameborder="0" scrolling="no" width="720" height="406" src="https://www.arte.tv/embeds/fr/128890-000-A?autoplay=true&#038;mute=1"></iframe>
</div>
Nadav Lapid est sans doute le cinéaste israélien le plus stimulant du moment, mais aussi l’un de plus contrariants envers le régime de Benyamin Netanyahou. Jusqu’à présent, les personnages de ses films disaient catégoriquement non à cette politique. Dans son nouveau film, intitulé « Oui », il se consacre au contraire à ceux qui ont décidé d’épouser la cause vengeresse d’Israël. « Oui », forcément, ne plaira pas à tout le monde.<br><br>



<h5>Exil en France : des chercheurs américains sont arrivés</h5>
Info<br>
<a href="https://www.arte.tv/fr/videos/info-et-societe/" target="_blank" rel="noopener noreferrer">ARTE Journal</a><br>
Journaliste : Christian Roudaut<br>2025 &#8211; 2&rsquo;50
<div style="position:relative;padding-bottom:56.25%;height:0;overflow:hidden;">
<iframe loading="lazy" title="Exil&#x20;en&#x20;France&#x20;&#x3A;&#x20;des&#x20;chercheurs&#x20;am&#x00E9;ricains&#x20;sont&#x20;arriv&#x00E9;s" allowfullscreen="true" style="transition-duration:0;transition-property:no;margin:0 auto;position:relative;display:block;background-color:#000000;" frameborder="0" scrolling="no" width="720" height="406" src="https://www.arte.tv/embeds/fr/127679-000-A?autoplay=true&#038;mute=1"></iframe>
</div>
Plusieurs chercheurs américains ont été accueillis à l&rsquo;université d&rsquo;Aix-Marseille en tant que « réfugiés scientifiques ». Dans le cadre du programme « Safe Place for Science », jusqu&rsquo;à 20 scientifiques menacés seront accueillis, malgré la situation précaire et les problèmes structurels des universités françaises.<br><br>



<h5>Exposition : « Les très riches heures du duc de Berry »</h5>
Culture<br>
<a href="https://www.arte.tv/fr/videos/info-et-societe/" target="_blank" rel="noopener noreferrer">ARTE Journal</a><br>
Journaliste : Frédérique Cantù<br>2025 &#8211; 2&prime;
<div style="position:relative;padding-bottom:56.25%;height:0;overflow:hidden;">
<iframe loading="lazy" title="Exposition&#x20;&#x3A;&#x20;&quot;Les&#x20;tr&#x00E8;s&#x20;riches&#x20;heures&#x20;du&#x20;duc&#x20;de&#x20;Berry&quot;" allowfullscreen="true" style="transition-duration:0;transition-property:no;margin:0 auto;position:relative;display:block;background-color:#000000;" frameborder="0" scrolling="no" width="720" height="406" src="https://www.arte.tv/embeds/fr/127338-000-A?autoplay=true&#038;mute=1"></iframe>
</div>
C’est le manuscrit médiéval le plus célèbre au monde : « Les Très riches heures du duc de Berry » est un livre d’heures &#8211; une appellation qui désigne un livre de prières destiné à un usage laïc &#8211; commandé au début du 15e siècle par le duc Jean de Berry à trois jeunes artistes originaires des Pays-Bas &#8211; les frères de Limbourg &#8211; qui se sont entourés des meilleurs copistes et ornemanistes de l’époque pour réaliser ses 121 peintures.<br><br>

<p>Danse : Germaine Acogny célèbre Joséphine Baker Culture ARTE Journal Journaliste : Frédérique Cantù2025 &#8211; 2&prime; Figure de la danse contemporaine africaine, directrice de l’Ecole des Sables au Sénégal, haut lieu de formation pour les danseurs africains et du monde entier, la chorégraphe Germaine Acogny ouvre la saison du Théâtre des Champs-Elysées du 24 au &hellip; </p>
<p class="link-more"><a href="http://annadestrac.com/index.php/arte-info/" class="more-link">Continuer la lecture<span class="screen-reader-text"> de &laquo;&nbsp;Arte Info&nbsp;&raquo;</span></a></p>
