{"id":206,"date":"2022-11-29T11:41:10","date_gmt":"2022-11-29T10:41:10","guid":{"rendered":"https:\/\/annadestrac.com\/?page_id=206"},"modified":"2025-09-26T14:05:54","modified_gmt":"2025-09-26T12:05:54","slug":"les-chemins-de-la-foi","status":"publish","type":"page","link":"http:\/\/annadestrac.com\/index.php\/les-chemins-de-la-foi\/","title":{"rendered":"Les Chemins de la foi"},"content":{"rendered":"\n<h5>Les saints ordinaires<\/h5>\nR\u00e9alisation : Alexey Vozniuc<br>\nInt\u00e9gr\u00e9 \u00e0 l&rsquo;\u00e9mission Orthodoxie du 31 octobre 2022<br>\n<a href=\"https:\/\/francetvstudio.fr\/\" target=\"_blank\" rel=\"noopener noreferrer\">France.tv studio<\/a><br>\n30&prime;<div style=\"position:relative;padding-bottom:56.25%;height:0;overflow:hidden;\">\n<iframe loading=\"lazy\" width=\"720\" height=\"406\" src=\"https:\/\/www.youtube.com\/embed\/6QJqlnig4aQ\" title=\"YouTube video player\" frameborder=\"0\" allow=\"accelerometer; autoplay; clipboard-write; encrypted-media; gyroscope; picture-in-picture\" allowfullscreen=\"\"><\/iframe><\/div>\nJean-Claude Larchet, en compagnie du P\u00e8re Jivko Panev, \u00e9voque la saintet\u00e9 ainsi que les diff\u00e9rents types de saints v\u00e9n\u00e9r\u00e9s dans l\u2019\u00c9glise orthodoxe.<br><br>\n\n\n\n<h5>Bouddha, la l\u00e9gende dor\u00e9e<\/h5>\nR\u00e9alisation : Michel Bolez<br>\nInt\u00e9gr\u00e9 \u00e0 l&rsquo;\u00e9mission Sagesses bouddhistes du 20 f\u00e9vrier 2022<br>\n<a href=\"https:\/\/francetvstudio.fr\/\" target=\"_blank\" rel=\"noopener noreferrer\">France.tv studio<\/a><br>\n13&prime;<div style=\"position:relative;padding-bottom:56.25%;height:0;overflow:hidden;\">\n<iframe loading=\"lazy\" width=\"720\" height=\"406\" src=\"https:\/\/www.youtube.com\/embed\/yctqNjmLPRI?start=74\" title=\"YouTube video player\" frameborder=\"0\" allow=\"accelerometer; autoplay; clipboard-write; encrypted-media; gyroscope; picture-in-picture\" allowfullscreen=\"\"><\/iframe><\/div>\nL\u2019art bouddhique du Gandhara au Mus\u00e9e Guimet<br><br>\n\n\n\n<h5>Bouddha, la l\u00e9gende dor\u00e9e<\/h5>\nR\u00e9alisation : Michel Bolez<br>\nInt\u00e9gr\u00e9 \u00e0 l&rsquo;\u00e9mission Sagesses bouddhistes du 13 octobre 2019<br>\n<a href=\"https:\/\/francetvstudio.fr\/\" target=\"_blank\" rel=\"noopener noreferrer\">France.tv studio<\/a><br>\n13&prime;<div style=\"position:relative;padding-bottom:56.25%;height:0;overflow:hidden;\">\n<iframe loading=\"lazy\" width=\"720\" height=\"406\" src=\"https:\/\/www.youtube.com\/embed\/HICIv13ds-o?start=52\" frameborder=\"0\" allow=\"accelerometer; autoplay; encrypted-media; gyroscope; picture-in-picture\" allowfullscreen=\"\"><\/iframe><\/div>\nBouddha, la l\u00e9gende dor\u00e9e, une exposition exceptionnelle au mus\u00e9e Guimet<br><br>\n","protected":false},"excerpt":{"rendered":"<p>Les saints ordinaires R\u00e9alisation : Alexey Vozniuc Int\u00e9gr\u00e9 \u00e0 l&rsquo;\u00e9mission Orthodoxie du 31 octobre 2022 France.tv studio 30&prime; Jean-Claude Larchet, en compagnie du P\u00e8re Jivko Panev, \u00e9voque la saintet\u00e9 ainsi que les diff\u00e9rents types de saints v\u00e9n\u00e9r\u00e9s dans l\u2019\u00c9glise orthodoxe. Bouddha, la l\u00e9gende dor\u00e9e R\u00e9alisation : Michel Bolez Int\u00e9gr\u00e9 \u00e0 l&rsquo;\u00e9mission Sagesses bouddhistes du 20 &hellip; <\/p>\n<p class=\"link-more\"><a href=\"http:\/\/annadestrac.com\/index.php\/les-chemins-de-la-foi\/\" class=\"more-link\">Continuer la lecture<span class=\"screen-reader-text\"> de &laquo;&nbsp;Les Chemins de la foi&nbsp;&raquo;<\/span><\/a><\/p>\n","protected":false},"author":1,"featured_media":0,"parent":0,"menu_order":0,"comment_status":"closed","ping_status":"closed","template":"","meta":{"footnotes":""},"class_list":["post-206","page","type-page","status-publish","hentry"],"_links":{"self":[{"href":"http:\/\/annadestrac.com\/index.php\/wp-json\/wp\/v2\/pages\/206"}],"collection":[{"href":"http:\/\/annadestrac.com\/index.php\/wp-json\/wp\/v2\/pages"}],"about":[{"href":"http:\/\/annadestrac.com\/index.php\/wp-json\/wp\/v2\/types\/page"}],"author":[{"embeddable":true,"href":"http:\/\/annadestrac.com\/index.php\/wp-json\/wp\/v2\/users\/1"}],"replies":[{"embeddable":true,"href":"http:\/\/annadestrac.com\/index.php\/wp-json\/wp\/v2\/comments?post=206"}],"version-history":[{"count":7,"href":"http:\/\/annadestrac.com\/index.php\/wp-json\/wp\/v2\/pages\/206\/revisions"}],"predecessor-version":[{"id":339,"href":"http:\/\/annadestrac.com\/index.php\/wp-json\/wp\/v2\/pages\/206\/revisions\/339"}],"wp:attachment":[{"href":"http:\/\/annadestrac.com\/index.php\/wp-json\/wp\/v2\/media?parent=206"}],"curies":[{"name":"wp","href":"https:\/\/api.w.org\/{rel}","templated":true}]}}

<h5>Les saints ordinaires</h5>
Réalisation : Alexey Vozniuc<br>
Intégré à l&rsquo;émission Orthodoxie du 31 octobre 2022<br>
<a href="https://francetvstudio.fr/" target="_blank" rel="noopener noreferrer">France.tv studio</a><br>
30&prime;<div style="position:relative;padding-bottom:56.25%;height:0;overflow:hidden;">
<iframe loading="lazy" width="720" height="406" src="https://www.youtube.com/embed/6QJqlnig4aQ" title="YouTube video player" frameborder="0" allow="accelerometer; autoplay; clipboard-write; encrypted-media; gyroscope; picture-in-picture" allowfullscreen=""></iframe></div>
Jean-Claude Larchet, en compagnie du Père Jivko Panev, évoque la sainteté ainsi que les différents types de saints vénérés dans l’Église orthodoxe.<br><br>



<h5>Bouddha, la légende dorée</h5>
Réalisation : Michel Bolez<br>
Intégré à l&rsquo;émission Sagesses bouddhistes du 20 février 2022<br>
<a href="https://francetvstudio.fr/" target="_blank" rel="noopener noreferrer">France.tv studio</a><br>
13&prime;<div style="position:relative;padding-bottom:56.25%;height:0;overflow:hidden;">
<iframe loading="lazy" width="720" height="406" src="https://www.youtube.com/embed/yctqNjmLPRI?start=74" title="YouTube video player" frameborder="0" allow="accelerometer; autoplay; clipboard-write; encrypted-media; gyroscope; picture-in-picture" allowfullscreen=""></iframe></div>
L’art bouddhique du Gandhara au Musée Guimet<br><br>



<h5>Bouddha, la légende dorée</h5>
Réalisation : Michel Bolez<br>
Intégré à l&rsquo;émission Sagesses bouddhistes du 13 octobre 2019<br>
<a href="https://francetvstudio.fr/" target="_blank" rel="noopener noreferrer">France.tv studio</a><br>
13&prime;<div style="position:relative;padding-bottom:56.25%;height:0;overflow:hidden;">
<iframe loading="lazy" width="720" height="406" src="https://www.youtube.com/embed/HICIv13ds-o?start=52" frameborder="0" allow="accelerometer; autoplay; encrypted-media; gyroscope; picture-in-picture" allowfullscreen=""></iframe></div>
Bouddha, la légende dorée, une exposition exceptionnelle au musée Guimet<br><br>

<p>Les saints ordinaires Réalisation : Alexey Vozniuc Intégré à l&rsquo;émission Orthodoxie du 31 octobre 2022 France.tv studio 30&prime; Jean-Claude Larchet, en compagnie du Père Jivko Panev, évoque la sainteté ainsi que les différents types de saints vénérés dans l’Église orthodoxe. Bouddha, la légende dorée Réalisation : Michel Bolez Intégré à l&rsquo;émission Sagesses bouddhistes du 20 &hellip; </p>
<p class="link-more"><a href="http://annadestrac.com/index.php/les-chemins-de-la-foi/" class="more-link">Continuer la lecture<span class="screen-reader-text"> de &laquo;&nbsp;Les Chemins de la foi&nbsp;&raquo;</span></a></p>
